.
-943
Let f(r) = 20470*r + 2886275. Give f(-141).
5
Let o(z) = 592*z - 49722. Determine o(84).
6
Let m(j) = 693484*j - 33980720. Determine m(49).
-4
Let j(p) = -107*p**3 - 3*p**2 - 5*p - 91. Give j(0).
-91
Let r(b) = -b**3 + 192*b**2 + 386*b + 406. Calculate r(194).
18
Let h(w) = 1600206*w + 4800625. Calculate h(-3).
7
Let f(x) = -677*x + 108101. Determine f(158).
1135
Let z(s) = 1049*s + 69045. Give z(-66).
-189
Let b(i) = -i**3 - 8*i**2 + 64*i + 303. Determine b(-11).
-38
Let i(b) = 3014*b - 536488. Calculate i(178).
4
Let n(q) = -4*q**3 + 494*q**2 - 14830*q - 42. What is n(72)?
102
Let h(x) = x**2 - 196*x + 3949. Calculate h(172).
-179
Let d(m) = 4*m**2 + 650*m - 46059. Give d(53).
-373
Let z(d) = -d**3 - 46*d**2 + 338*d + 662. Give z(-52).
-690
Let a(y) = 5*y**3 - 5813*y**2 + 3459*y + 31389. Determine a(1162).
15
Let f(o) = -5*o**2 + 481*o - 6650. What is f(15)?
-560
Let d(w) = 94344*w + 2547290. Give d(-27).
2
Let n(o) = 31157*o + 62635. Determine n(-2).
321
Let o(l) = 136*l**2 + 868*l - 2. Give o(-6).
-314
Let s(w) = -w**2 - 116*w + 5842. What is s(-153)?
181
Let r(l) = -399*l**2 - 868*l + 1. Determine r(0).
1
Let v(y) = 21903*y + 109567. Calculate v(-5).
52
Let v(u) = u**2 + 8*u - 1475. Calculate v(36).
109
Let u(y) = -3*y**3 + 7*y**2 - 224*y - 1960. Give u(-8).
1816
Let n(x) = x**3 + 13*x**2 + 328*x + 2444. Determine n(-8).
140
Let w(n) = -n**3 - 556*n**2 + 1686*n - 24. Give w(3).
3
Let i(t) = 4*t**3 + 122*t**2 - 480*t - 138. What is i(-34)?
-2
Let t(p) = 51*p**2 + 95137*p - 149369. What is t(-1867)?
-9
Let m(a) = -2165*a - 164373. What is m(-76)?
167
Let o(v) = -99167*v + 10313363. Determine o(104).
-5
Let z(s) = s**3 + 331*s**2 - 9285*s + 88. Calculate z(26).
10
Let n(q) = q**2 - 5897*q - 291351. Determine n(-49).
3
Let x(z) = 3851*z + 157889. Give x(-41).
-2
Let g(k) = k**3 + 2631*k**2 - 8228*k - 858697. Determine g(-2634).
-13
Let w(s) = -499*s - 52. Determine w(-1).
447
Let v(i) = i**3 + 11*i**2 - 513*i - 2233. Determine v(20).
-93
Let z(i) = -2*i**2 + 497*i + 58609. Determine z(336).
-191
Let j(u) = 10590*u - 243559. Determine j(23).
11
Let j(a) = a**3 + 33*a**2 - 18*a - 774. Determine j(-33).
-180
Let h(g) = 38612*g - 231669. Determine h(6).
3
Let l(p) = p**3 + 13*p**2 - 4*p + 421. Determine l(-20).
-2299
Let b(m) = 16*m**2 - 178*m + 72. Calculate b(11).
50
Let a(b) = b**2 - 155201*b + 2327813. What is a(15)?
23
Let y(q) = -q**3 + 124*q**2 + 1109*q - 59857. Give y(129).
-1
Let y(t) = t**3 - 372*t**2 + 31177*t + 7041. Give y(128).
1
Let y(x) = -43*x**3 + 15*x**2 + 123*x - 469. What is y(4)?
-2489
Let b(r) = 1048*r**2 - 645565*r - 1843. Calculate b(616).
5
Let z(t) = 1164*t + 780. Determine z(-1).
-384
Let s(h) = 2*h**3 + 1046*h - 6307. Calculate s(6).
401
Let j(m) = m**3 + 3*m**2 - 513*m + 1046. Calculate j(20).
-14
Let v(h) = -279*h**2 - 123*h + 449. What is v(4)?
-4507
Let z(n) = 10*n**2 - 381*n - 3163. What is z(45)?
-58
Let q(t) = -9*t**3 + 113*t**2 - 40*t + 311. Determine q(13).
-885
Let o(i) = -i**3 + 45*i**2 - 487*i + 24439. Give o(46).
-79
Let n(g) = -671413*g - 16785327. What is n(-25)?
-2
Let a(p) = 21265*p - 574174. Give a(27).
-19
Let q(o) = o**3 - 25*o**2 - 19*o + 116. Calculate q(7).
-899
Let h(s) = s**3 + 23*s**2 + 16*s - 105. Give h(-22).
27
Let d(w) = 190*w + 7268. Give d(-40).
-332
Let y(p) = 25*p**3 - 3376*p**2 + 127*p - 1148. Calculate y(135).
-2228
Let f(t) = -t**3 - 23*t**2 - 567*t - 5624. Give f(-13).
57
Let l(a) = 71*a**2 + 4092*a + 6506. Give l(-56).
10
Let s(m) = m**3 - 79*m**2 + 862*m + 23852. Give s(56).
-4
Let a(b) = 172374*b - 861871. Calculate a(5).
-1
Let x(r) = -57372*r + 458978. Determine x(8).
2
Let w(l) = -3*l**2 - 1057*l - 40160. Determine w(-309).
10
Let q(i) = 2*i**3 - 112*i**2 + 323*i + 13. Calculate q(3).
28
Let t(b) = -43*b**2 - 245*b - 1221. Determine t(-6).
-1299
Let g(h) = h**2 - 53*h - 1359. Calculate g(-20).
101
Let k(w) = 2856*w + 2884. Determine k(-1).
28
Let l(x) = 2*x**2 - 1392*x - 18431. Give l(-13).
3
Let f(x) = -5272*x**2 - 421760*x - 10. Calculate f(-80).
-10
Let r(b) = -26*b**2 - 1146*b + 31. What is r(-44)?
119
Let q(i) = -8*i**2 + 4320*i - 38195. Give q(531).
37
Let l(x) = 8*x**3 - 116*x**2 - 68*x + 30. Calculate l(16).
2014
Let t(u) = u**2 + 92*u - 1156. What is t(-105)?
209
Let p(h) = -6*h**3 + 6472*h**2 - 4311*h - 1121. Determine p(1078).
-43
Let b(h) = 421369*h + 5056421. Determine b(-12).
-7
Let g(s) = 3*s**3 - 16*s**2 - 26*s + 153. Give g(5).
-2
Let t(h) = -5*h**3 - 555*h**2 - h - 182. What is t(-111)?
-71
Let a(q) = 4993*q - 733871. What is a(147)?
100
Let d(v) = 2*v**2 - 22203*v + 244053. Determine d(11).
62
Let n(j) = -6*j**2 - 214*j - 627. Give n(-32).
77
Let r(x) = 18*x**2 + 216*x - 71. Give r(-14).
433
Let g(s) = -918*s - 215758. Give g(-235).
-28
Let t(j) = 5*j**2 + 113*j - 5327. Give t(-46).
55
Let b(h) = h**2 - 294*h + 2728. What is b(10)?
-112
Let n(l) = 73*l**2 - 1534*l + 89. Give n(20).
-1391
Let h(k) = -18636*k + 18660. What is h(1)?
24
Let d(j) = j**3 + 17*j**2 - 1612*j - 1543. Determine d(-49).
613
Let b(k) = -61827*k - 247844. Calculate b(-4).
-536
Let j(o) = 264*o**3 + 5*o**2 - 22*o + 35. Determine j(2).
2123
Let l(a) = 52826*a - 739570. Determine l(14).
-6
Let w(n) = -n**3 - 44*n**2 - 197*n - 4710. Give w(-42).
36
Let x(p) = -2*p**3 + 13*p**2 - 1092*p + 5448. What is x(5)?
63
Let y(n) = -156*n**2 + 1893*n - 36. Calculate y(12).
216
Let b(g) = -10*g**2 + 115*g - 204. Give b(10).
-54
Let x(p) = 7906*p + 94865. Calculate x(-12).
-7
Let c(x) = -6*x**3 - 26*x**2 - 21*x - 48. Determine c(-4).
4
Let r(h) = 518028*h + 3108218. Give r(-6).
50
Let p(v) = 5357*v + 16171. Give p(-3).
100
Let r(u) = 5*u**2 + 3*u - 1141. Give r(18).
533
Let k(l) = 5*l**3 + 79*l**2 - 35*l - 106. Give k(-17).
-1245
Let r(u) = 391852*u - 9404444. What is r(24)?
4
Let b(g) = -g**2 + 3822*g - 1377839. Determine b(403).
18
Let j(a) = a**3 + 4*a**2 - 4*a - 476. Calculate j(7).
35
Let y(z) = z**3 - 248*z**2 + 2403*z - 60236. Determine y(239).
-8
Let k(s) = s**2 + 4130*s - 2891401. Determine k(610).
-1
Let s(y) = 967646*y - 3870477. Give s(4).
107
Let o(m) = -59*m**3 - 2*m**2 + 1308*m + 1311. Calculate o(-1).
60
Let p(o) = 76*o**2 - 11394*o - 873. Give p(150).
27
Let p(z) = 22507*z - 90004. Determine p(4).
24
Let n(b) = 38525*b - 77047. Calculate n(2).
3
Let q(b) = -3*b**3 - 916*b**2 + 627*b + 4551. Calculate q(-306).
-39
Let q(s) = -113*s + 753. Determine q(32).
-2863
Let j(l) = -909*l - 115437. Determine j(-127).
6
Let g(m) = -15238*m + 975249. Determine g(64).
17
Let o(s) = 48*s + 3357. Give o(-116).
-2211
Let m(d) = -6*d**2 - 531*d + 14599. Determine m(22).
13
Let v(m) = -16874*m - 84803. Give v(-5).
-433
Let s(k) = 5*k**2 + 844*k + 16807. Calculate s(-145).
-448
Let t(i) = -i**3 - 4*i**2 - 439*i - 10124. What is t(-16)?
-28
Let j(i) = -8256*i + 32763. Calculate j(4).
-261
Let d(r) = r**3 - 591*r**2 + 47924*r - 2965. Determine d(494).
-1
Let g(m) = 2*m**2 - 96699*m + 13114070. Give g(136).
-2
Let q(c) = 2*c**3 - 39*c**2 - 78*c + 513. What is q(21)?
198
Let v(q) = -q**3 - 3*q**2 + 61*q - 87. Calculate v(5).
18
Let q(p) = p**3 - 36*p**2 - 128*p + 415. What is q(39)?
-14
Let n(l) = -6168*l - 242125. Determine n(-39).
-1573
Let x(c) = c**2 + 2*c - 2193. Determine x(-49).
110
Let j(i) = -45*i**3 - 710*i**2 - 519*i + 42. Determine j(-15).
-48
Let r(v) = -47*v - 5746. Give r(-92).
-1422
Let g(y) = -27*y**3 + 854*y**2 - 1700*y - 5. Give g(2).
-205
Let m(f) = f**2 - 1279*f + 408598. Give m(622).
-56
Let k(t) = -24*t + 2821. Give k(65).
1261
Let k(d) = -4372*d + 13100. Determine k(3).
-16
Let i(n) = -229951*n + 1379622. What is i(6)?
-84
Let k(o) = -5*o**2 - 656*o + 9350. Give k(-144).
134
Let o(f) = -2015*f + 291. Give o(0).
291
Let k(u) = 15*u + 924. Determine k(-45).
249
Let r(f) = f**2 + 247*f - 7728. Calculate r(-278).
890
Let v(j) = -13821*j - 4160162. Calculate v(-301).
-41
Let m(l) = -3*l**2 - 73*l - 304. Give m(-19).
0
Let d(z) = 15*z**3 - 155*z**2 - 53*z + 1030. Calculate d(10).
0
Let r(b) = b**3 - 84*b**2 + 1075*b - 644. Calculate r(15).
-44
Let w(v) = -39199*v + 156258. Give w(4).
-538
Let v(z) = 4*z**2 + 1149*z - 96187. Give v(-355).
18
Let z(h) = -231*h + 1654. Determine z(8).
-194
Let s(h) = h**3 - 14*h**2 + 557*h - 4770. Give s(9).
-162
Let l(i) = -6668*i - 26535. Determin